{"id":2,"date":"2026-02-11T10:46:23","date_gmt":"2026-02-11T10:46:23","guid":{"rendered":"http:\/\/jrmstores.fr\/?page_id=2"},"modified":"2026-03-15T08:37:13","modified_gmt":"2026-03-15T07:37:13","slug":"contact","status":"publish","type":"page","link":"https:\/\/www.jrmstores.fr\/index.php\/contact\/","title":{"rendered":"Formulaire de contact"},"content":{"rendered":"\n<p><\/p>\n\n\n\n<p>Vous pouvez nous contacter pour toute demande de devis ou de d\u00e9pannage via le formulaire.<\/p>\n\n\n\n<style id=\"wpforms-css-vars-15\">\n\t\t\t\t#wpforms-15 {\n\t\t\t\t--wpforms-field-border-color: rgba(0, 0, 0, 0.25);\n--wpforms-field-border-color-spare: rgba(0, 0, 0, 0.25);\n--wpforms-field-text-color: rgba(0, 0, 0, 0.7);\n--wpforms-label-color: rgba(0, 0, 0, 0.85);\n--wpforms-label-sublabel-color: rgba(0, 0, 0, 0.55);\n--wpforms-container-padding: 0px;\n--wpforms-container-border-width: 1px;\n--wpforms-container-border-radius: 3px;\n--wpforms-background-color: rgba(0, 0, 0, 0);\n--wpforms-field-size-input-height: 31px;\n--wpforms-field-size-input-spacing: 10px;\n--wpforms-field-size-font-size: 14px;\n--wpforms-field-size-line-height: 17px;\n--wpforms-field-size-padding-h: 9px;\n--wpforms-field-size-checkbox-size: 14px;\n--wpforms-field-size-sublabel-spacing: 5px;\n--wpforms-field-size-icon-size: 0.75;\n--wpforms-label-size-font-size: 16px;\n--wpforms-label-size-line-height: 19px;\n--wpforms-label-size-sublabel-font-size: 14px;\n--wpforms-label-size-sublabel-line-height: 17px;\n--wpforms-button-size-font-size: 17px;\n--wpforms-button-size-height: 41px;\n--wpforms-button-size-padding-h: 15px;\n--wpforms-button-size-margin-top: 10px;\n--wpforms-container-shadow-size-box-shadow: none;\n\t\t\t}\n\t\t\t<\/style><div class=\"wpforms-container wpforms-container-full wpforms-render-modern\" id=\"wpforms-15\"><form id=\"wpforms-form-15\" class=\"wpforms-validate wpforms-form\" data-formid=\"15\" method=\"post\" enctype=\"multipart\/form-data\" action=\"\/index.php\/wp-json\/wp\/v2\/pages\/2\" data-token=\"bf2724a834f1022d03617435666f3598\" data-token-time=\"1776768494\"><noscript class=\"wpforms-error-noscript\">Veuillez activer JavaScript dans votre navigateur pour remplir ce formulaire.<\/noscript><div id=\"wpforms-error-noscript\" style=\"display: none;\">Veuillez activer JavaScript dans votre navigateur pour remplir ce formulaire.<\/div><div class=\"wpforms-field-container\">\t\t<div id=\"wpforms-15-field_3-container\"\n\t\t\tclass=\"wpforms-field wpforms-field-text\"\n\t\t\tdata-field-type=\"text\"\n\t\t\tdata-field-id=\"3\"\n\t\t\t>\n\t\t\t<label class=\"wpforms-field-label\" for=\"wpforms-15-field_3\" >pr\u00e9nom Objet de<\/label>\n\t\t\t<input type=\"text\" id=\"wpforms-15-field_3\" class=\"wpforms-field-medium\" name=\"wpforms[fields][3]\" >\n\t\t<\/div>\n\t\t<div id=\"wpforms-15-field_1-container\" class=\"wpforms-field wpforms-field-name\" data-field-id=\"1\"><fieldset><legend class=\"wpforms-field-label\">Nom et pr\u00e9nom <span class=\"wpforms-required-label\" aria-hidden=\"true\">*<\/span><\/legend><div class=\"wpforms-field-row wpforms-field-medium\"><div class=\"wpforms-field-row-block wpforms-first wpforms-one-half\"><input type=\"text\" id=\"wpforms-15-field_1\" class=\"wpforms-field-name-first wpforms-field-required\" name=\"wpforms[fields][1][first]\" aria-errormessage=\"wpforms-15-field_1-error\" required><label for=\"wpforms-15-field_1\" class=\"wpforms-field-sublabel after\">Pr\u00e9nom<\/label><\/div><div class=\"wpforms-field-row-block wpforms-one-half\"><input type=\"text\" id=\"wpforms-15-field_1-last\" class=\"wpforms-field-name-last wpforms-field-required\" name=\"wpforms[fields][1][last]\" aria-errormessage=\"wpforms-15-field_1-last-error\" required><label for=\"wpforms-15-field_1-last\" class=\"wpforms-field-sublabel after\">Nom<\/label><\/div><\/div><\/fieldset><\/div><div id=\"wpforms-15-field_8-container\" class=\"wpforms-field wpforms-field-text\" data-field-id=\"8\"><label class=\"wpforms-field-label\" for=\"wpforms-15-field_8\">Adresse postale - Nom de R\u00e9sidence<\/label><input type=\"text\" id=\"wpforms-15-field_8\" class=\"wpforms-field-medium\" name=\"wpforms[fields][8]\" aria-errormessage=\"wpforms-15-field_8-error\" aria-describedby=\"wpforms-15-field_8-description\" ><div id=\"wpforms-15-field_8-description\" class=\"wpforms-field-description\">D\u00e9placement dans les alentours de Cannes-Antibes-Nice(06)<\/div><\/div><div id=\"wpforms-15-field_5-container\" class=\"wpforms-field wpforms-field-radio\" data-field-id=\"5\"><fieldset><legend class=\"wpforms-field-label\">Objet de la demande <span class=\"wpforms-required-label\" aria-hidden=\"true\">*<\/span><\/legend><ul id=\"wpforms-15-field_5\" class=\"wpforms-field-required\"><li class=\"choice-1 depth-1 wpforms-selected\"><input type=\"radio\" id=\"wpforms-15-field_5_1\" name=\"wpforms[fields][5]\" value=\"Prise de rendez-vous\" aria-errormessage=\"wpforms-15-field_5_1-error\" required  checked='checked'><label class=\"wpforms-field-label-inline\" for=\"wpforms-15-field_5_1\">Prise de rendez-vous<\/label><\/li><li class=\"choice-2 depth-1\"><input type=\"radio\" id=\"wpforms-15-field_5_2\" name=\"wpforms[fields][5]\" value=\"Demande de devis\" aria-errormessage=\"wpforms-15-field_5_2-error\" required ><label class=\"wpforms-field-label-inline\" for=\"wpforms-15-field_5_2\">Demande de devis<\/label><\/li><li class=\"choice-3 depth-1\"><input type=\"radio\" id=\"wpforms-15-field_5_3\" name=\"wpforms[fields][5]\" value=\"D\u00e9pannage urgent\" aria-errormessage=\"wpforms-15-field_5_3-error\" required ><label class=\"wpforms-field-label-inline\" for=\"wpforms-15-field_5_3\">D\u00e9pannage urgent<\/label><\/li><li class=\"choice-4 depth-1\"><input type=\"radio\" id=\"wpforms-15-field_5_4\" name=\"wpforms[fields][5]\" value=\"Autre\" aria-errormessage=\"wpforms-15-field_5_4-error\" required ><label class=\"wpforms-field-label-inline\" for=\"wpforms-15-field_5_4\">Autre<\/label><\/li><\/ul><\/fieldset><\/div><div id=\"wpforms-15-field_2-container\" class=\"wpforms-field wpforms-field-email\" data-field-id=\"2\"><label class=\"wpforms-field-label\" for=\"wpforms-15-field_2\">Email <span class=\"wpforms-required-label\" aria-hidden=\"true\">*<\/span><\/label><input type=\"email\" id=\"wpforms-15-field_2\" class=\"wpforms-field-medium wpforms-field-required\" name=\"wpforms[fields][2]\" spellcheck=\"false\" aria-errormessage=\"wpforms-15-field_2-error\" required><\/div><div id=\"wpforms-15-field_7-container\" class=\"wpforms-field wpforms-field-textarea\" data-field-id=\"7\"><label class=\"wpforms-field-label\" for=\"wpforms-15-field_7\">Message  <span class=\"wpforms-required-label\" aria-hidden=\"true\">*<\/span><\/label><textarea id=\"wpforms-15-field_7\" class=\"wpforms-field-medium wpforms-field-required\" name=\"wpforms[fields][7]\" aria-errormessage=\"wpforms-15-field_7-error\" required><\/textarea><\/div><script>\n\t\t\t\t( function() {\n\t\t\t\t\tconst style = document.createElement( 'style' );\n\t\t\t\t\tstyle.appendChild( document.createTextNode( '#wpforms-15-field_3-container { position: absolute !important; overflow: hidden !important; display: inline !important; height: 1px !important; width: 1px !important; z-index: -1000 !important; padding: 0 !important; } #wpforms-15-field_3-container input { visibility: hidden; } #wpforms-conversational-form-page #wpforms-15-field_3-container label { counter-increment: none; }' ) );\n\t\t\t\t\tdocument.head.appendChild( style );\n\t\t\t\t\tdocument.currentScript?.remove();\n\t\t\t\t} )();\n\t\t\t<\/script><\/div><!-- .wpforms-field-container --><div class=\"wpforms-submit-container\" ><input type=\"hidden\" name=\"wpforms[id]\" value=\"15\"><input type=\"hidden\" name=\"page_title\" value=\"\"><input type=\"hidden\" name=\"page_url\" value=\"https:\/\/www.jrmstores.fr\/index.php\/wp-json\/wp\/v2\/pages\/2\"><input type=\"hidden\" name=\"url_referer\" value=\"\"><button type=\"submit\" name=\"wpforms[submit]\" id=\"wpforms-submit-15\" class=\"wpforms-submit\" data-alt-text=\"Envoi...\" data-submit-text=\"Envoyer\" aria-live=\"assertive\" value=\"wpforms-submit\">Envoyer<\/button><\/div><\/form><\/div>  <!-- .wpforms-container -->\n\n\n\n<p><\/p>\n","protected":false},"excerpt":{"rendered":"<p>Vous pouvez nous contacter pour toute demande de devis ou de d\u00e9pannage via le formulaire.<\/p>\n","protected":false},"author":1,"featured_media":0,"parent":0,"menu_order":0,"comment_status":"closed","ping_status":"open","template":"","meta":{"footnotes":""},"class_list":["post-2","page","type-page","status-publish"],"yoast_head":"<!-- This site is optimized with the Yoast SEO plugin v27.2 - https:\/\/yoast.com\/product\/yoast-seo-wordpress\/ -->\n<title>Formulaire de contact - Conseils \/ Installations \/ D\u00e9pannages<\/title>\n<meta name=\"robots\" content=\"index, follow, max-snippet:-1, max-image-preview:large, max-video-preview:-1\" \/>\n<link rel=\"canonical\" href=\"https:\/\/www.jrmstores.fr\/index.php\/contact\/\" \/>\n<meta property=\"og:locale\" content=\"fr_FR\" \/>\n<meta property=\"og:type\" content=\"article\" \/>\n<meta property=\"og:title\" content=\"Formulaire de contact - Conseils \/ Installations \/ D\u00e9pannages\" \/>\n<meta property=\"og:description\" content=\"Vous pouvez nous contacter pour toute demande de devis ou de d\u00e9pannage via le formulaire.\" \/>\n<meta property=\"og:url\" content=\"https:\/\/www.jrmstores.fr\/index.php\/contact\/\" \/>\n<meta property=\"og:site_name\" content=\"Conseils \/ Installations \/ D\u00e9pannages\" \/>\n<meta property=\"article:modified_time\" content=\"2026-03-15T07:37:13+00:00\" \/>\n<meta name=\"twitter:card\" content=\"summary_large_image\" \/>\n<meta name=\"twitter:label1\" content=\"Dur\u00e9e de lecture estim\u00e9e\" \/>\n\t<meta name=\"twitter:data1\" content=\"1 minute\" \/>\n<script type=\"application\/ld+json\" class=\"yoast-schema-graph\">{\"@context\":\"https:\/\/schema.org\",\"@graph\":[{\"@type\":\"WebPage\",\"@id\":\"https:\/\/www.jrmstores.fr\/index.php\/contact\/\",\"url\":\"https:\/\/www.jrmstores.fr\/index.php\/contact\/\",\"name\":\"Formulaire de contact - Conseils \/ Installations \/ D\u00e9pannages\",\"isPartOf\":{\"@id\":\"https:\/\/www.jrmstores.fr\/#website\"},\"datePublished\":\"2026-02-11T10:46:23+00:00\",\"dateModified\":\"2026-03-15T07:37:13+00:00\",\"breadcrumb\":{\"@id\":\"https:\/\/www.jrmstores.fr\/index.php\/contact\/#breadcrumb\"},\"inLanguage\":\"fr-FR\",\"potentialAction\":[{\"@type\":\"ReadAction\",\"target\":[\"https:\/\/www.jrmstores.fr\/index.php\/contact\/\"]}]},{\"@type\":\"BreadcrumbList\",\"@id\":\"https:\/\/www.jrmstores.fr\/index.php\/contact\/#breadcrumb\",\"itemListElement\":[{\"@type\":\"ListItem\",\"position\":1,\"name\":\"Accueil\",\"item\":\"https:\/\/www.jrmstores.fr\/\"},{\"@type\":\"ListItem\",\"position\":2,\"name\":\"Formulaire de contact\"}]},{\"@type\":\"WebSite\",\"@id\":\"https:\/\/www.jrmstores.fr\/#website\",\"url\":\"https:\/\/www.jrmstores.fr\/\",\"name\":\"Conseils \/ Installations \/ D\u00e9pannages - Fermeture & Protection Solaire\",\"description\":\"Fermeture - Protection solaire - Automatisme\",\"publisher\":{\"@id\":\"https:\/\/www.jrmstores.fr\/#organization\"},\"potentialAction\":[{\"@type\":\"SearchAction\",\"target\":{\"@type\":\"EntryPoint\",\"urlTemplate\":\"https:\/\/www.jrmstores.fr\/?s={search_term_string}\"},\"query-input\":{\"@type\":\"PropertyValueSpecification\",\"valueRequired\":true,\"valueName\":\"search_term_string\"}}],\"inLanguage\":\"fr-FR\"},{\"@type\":\"Organization\",\"@id\":\"https:\/\/www.jrmstores.fr\/#organization\",\"name\":\"JRM Stores\",\"url\":\"https:\/\/www.jrmstores.fr\/\",\"logo\":{\"@type\":\"ImageObject\",\"inLanguage\":\"fr-FR\",\"@id\":\"https:\/\/www.jrmstores.fr\/#\/schema\/logo\/image\/\",\"url\":\"https:\/\/www.jrmstores.fr\/wp-content\/uploads\/2026\/03\/cropped-cropped-logo-1.png\",\"contentUrl\":\"https:\/\/www.jrmstores.fr\/wp-content\/uploads\/2026\/03\/cropped-cropped-logo-1.png\",\"width\":512,\"height\":279,\"caption\":\"JRM Stores\"},\"image\":{\"@id\":\"https:\/\/www.jrmstores.fr\/#\/schema\/logo\/image\/\"}}]}<\/script>\n<!-- \/ Yoast SEO plugin. -->","yoast_head_json":{"title":"Formulaire de contact - Conseils \/ Installations \/ D\u00e9pannages","robots":{"index":"index","follow":"follow","max-snippet":"max-snippet:-1","max-image-preview":"max-image-preview:large","max-video-preview":"max-video-preview:-1"},"canonical":"https:\/\/www.jrmstores.fr\/index.php\/contact\/","og_locale":"fr_FR","og_type":"article","og_title":"Formulaire de contact - Conseils \/ Installations \/ D\u00e9pannages","og_description":"Vous pouvez nous contacter pour toute demande de devis ou de d\u00e9pannage via le formulaire.","og_url":"https:\/\/www.jrmstores.fr\/index.php\/contact\/","og_site_name":"Conseils \/ Installations \/ D\u00e9pannages","article_modified_time":"2026-03-15T07:37:13+00:00","twitter_card":"summary_large_image","twitter_misc":{"Dur\u00e9e de lecture estim\u00e9e":"1 minute"},"schema":{"@context":"https:\/\/schema.org","@graph":[{"@type":"WebPage","@id":"https:\/\/www.jrmstores.fr\/index.php\/contact\/","url":"https:\/\/www.jrmstores.fr\/index.php\/contact\/","name":"Formulaire de contact - Conseils \/ Installations \/ D\u00e9pannages","isPartOf":{"@id":"https:\/\/www.jrmstores.fr\/#website"},"datePublished":"2026-02-11T10:46:23+00:00","dateModified":"2026-03-15T07:37:13+00:00","breadcrumb":{"@id":"https:\/\/www.jrmstores.fr\/index.php\/contact\/#breadcrumb"},"inLanguage":"fr-FR","potentialAction":[{"@type":"ReadAction","target":["https:\/\/www.jrmstores.fr\/index.php\/contact\/"]}]},{"@type":"BreadcrumbList","@id":"https:\/\/www.jrmstores.fr\/index.php\/contact\/#breadcrumb","itemListElement":[{"@type":"ListItem","position":1,"name":"Accueil","item":"https:\/\/www.jrmstores.fr\/"},{"@type":"ListItem","position":2,"name":"Formulaire de contact"}]},{"@type":"WebSite","@id":"https:\/\/www.jrmstores.fr\/#website","url":"https:\/\/www.jrmstores.fr\/","name":"Conseils \/ Installations \/ D\u00e9pannages - Fermeture & Protection Solaire","description":"Fermeture - Protection solaire - Automatisme","publisher":{"@id":"https:\/\/www.jrmstores.fr\/#organization"},"potentialAction":[{"@type":"SearchAction","target":{"@type":"EntryPoint","urlTemplate":"https:\/\/www.jrmstores.fr\/?s={search_term_string}"},"query-input":{"@type":"PropertyValueSpecification","valueRequired":true,"valueName":"search_term_string"}}],"inLanguage":"fr-FR"},{"@type":"Organization","@id":"https:\/\/www.jrmstores.fr\/#organization","name":"JRM Stores","url":"https:\/\/www.jrmstores.fr\/","logo":{"@type":"ImageObject","inLanguage":"fr-FR","@id":"https:\/\/www.jrmstores.fr\/#\/schema\/logo\/image\/","url":"https:\/\/www.jrmstores.fr\/wp-content\/uploads\/2026\/03\/cropped-cropped-logo-1.png","contentUrl":"https:\/\/www.jrmstores.fr\/wp-content\/uploads\/2026\/03\/cropped-cropped-logo-1.png","width":512,"height":279,"caption":"JRM Stores"},"image":{"@id":"https:\/\/www.jrmstores.fr\/#\/schema\/logo\/image\/"}}]}},"_links":{"self":[{"href":"https:\/\/www.jrmstores.fr\/index.php\/wp-json\/wp\/v2\/pages\/2","targetHints":{"allow":["GET"]}}],"collection":[{"href":"https:\/\/www.jrmstores.fr\/index.php\/wp-json\/wp\/v2\/pages"}],"about":[{"href":"https:\/\/www.jrmstores.fr\/index.php\/wp-json\/wp\/v2\/types\/page"}],"author":[{"embeddable":true,"href":"https:\/\/www.jrmstores.fr\/index.php\/wp-json\/wp\/v2\/users\/1"}],"replies":[{"embeddable":true,"href":"https:\/\/www.jrmstores.fr\/index.php\/wp-json\/wp\/v2\/comments?post=2"}],"version-history":[{"count":9,"href":"https:\/\/www.jrmstores.fr\/index.php\/wp-json\/wp\/v2\/pages\/2\/revisions"}],"predecessor-version":[{"id":94,"href":"https:\/\/www.jrmstores.fr\/index.php\/wp-json\/wp\/v2\/pages\/2\/revisions\/94"}],"wp:attachment":[{"href":"https:\/\/www.jrmstores.fr\/index.php\/wp-json\/wp\/v2\/media?parent=2"}],"curies":[{"name":"wp","href":"https:\/\/api.w.org\/{rel}","templated":true}]}}